{"id":11,"date":"2023-02-05T15:49:09","date_gmt":"2023-02-05T15:49:09","guid":{"rendered":"https:\/\/pulimentosperez-com.preview-domain.com\/?page_id=11"},"modified":"2023-02-28T18:42:07","modified_gmt":"2023-02-28T18:42:07","slug":"contacto","status":"publish","type":"page","link":"https:\/\/pulimentosperez.com\/?page_id=11","title":{"rendered":"Contacto"},"content":{"rendered":"\n<p>Pueden contactar con nosotros a trav\u00e9s del tel\u00e9fono n\u00famero 647.63.53.67 , por correo electr\u00f3nico juancarlosperezrinconada@gmail.com  .<\/p>\n\n\n\n<p>Tambi\u00e9n atendemos WhatsApp.<\/p>\n","protected":false},"excerpt":{"rendered":"<p>Pueden contactar con nosotros a trav\u00e9s del tel\u00e9fono n\u00famero 647.63.53.67 , por correo electr\u00f3nico juancarlosperezrinconada@gmail.com . Tambi\u00e9n atendemos WhatsApp.<\/p>\n","protected":false},"author":1,"featured_media":48,"parent":0,"menu_order":0,"comment_status":"closed","ping_status":"closed","template":"","meta":{"_joinchat":[],"footnotes":""},"class_list":["post-11","page","type-page","status-publish","has-post-thumbnail","hentry"],"_links":{"self":[{"href":"https:\/\/pulimentosperez.com\/index.php?rest_route=\/wp\/v2\/pages\/11","targetHints":{"allow":["GET"]}}],"collection":[{"href":"https:\/\/pulimentosperez.com\/index.php?rest_route=\/wp\/v2\/pages"}],"about":[{"href":"https:\/\/pulimentosperez.com\/index.php?rest_route=\/wp\/v2\/types\/page"}],"author":[{"embeddable":true,"href":"https:\/\/pulimentosperez.com\/index.php?rest_route=\/wp\/v2\/users\/1"}],"replies":[{"embeddable":true,"href":"https:\/\/pulimentosperez.com\/index.php?rest_route=%2Fwp%2Fv2%2Fcomments&post=11"}],"version-history":[{"count":3,"href":"https:\/\/pulimentosperez.com\/index.php?rest_route=\/wp\/v2\/pages\/11\/revisions"}],"predecessor-version":[{"id":68,"href":"https:\/\/pulimentosperez.com\/index.php?rest_route=\/wp\/v2\/pages\/11\/revisions\/68"}],"wp:featuredmedia":[{"embeddable":true,"href":"https:\/\/pulimentosperez.com\/index.php?rest_route=\/wp\/v2\/media\/48"}],"wp:attachment":[{"href":"https:\/\/pulimentosperez.com\/index.php?rest_route=%2Fwp%2Fv2%2Fmedia&parent=11"}],"curies":[{"name":"wp","href":"https:\/\/api.w.org\/{rel}","templated":true}]}}